+ 2*t**2 - 11. Let y(u) = -3*u**3 - 2*u**2 + 9. Let h(f) = -4*x(f) - 5*y(f). Give h(g).
0
Let v(f) = -f. Let q be v(-2). Suppose 0 = -u + 5*x - 7, 3*u - 3*x - 18 = -x. Let g(s) = -8*s**2 + 2*s + 1 - s**2 + u*s**2. Calculate g(q).
1
Suppose -3*j = 3*l, 5*l - 8 = -4*j + 3*j. Suppose -l*o + o = 0. Let k(q) be the second derivative of -q**3/6 + q**2 - 2*q. Determine k(o).
2
Let u(c) be the second derivative of -c**5/20 - c**4/3 + 2*c**3/3 + c**2 + 3*c. Give u(-5).
7
Let n(p) = p + 7. Let y = -9 + 19. Let v = y - 16. Calculate n(v).
1
Let d(v) = -7*v**3 + v**2 + 6*v + 21. Let k(u) = -13*u**3 + 2*u**2 + 11*u + 41. Let p(n) = -11*d(n) + 6*k(n). What is p(0)?
15
Let w be (1/(-2))/(8/96). Let a = w + 5. Let d(i) = -3*i + 3*i - i**2 + 7*i**3. Determine d(a).
-8
Let z be (-108)/(-14) + (-7 - (-102)/14). Let k(x) = x**2 - 10*x + 12. What is k(z)?
-4
Let t(u) = -1 - 3 + 4 + 2 + u. Let f(c) = 4*c**2 - c - 1. Let v be f(-1). Calculate t(v).
6
Suppose 0 = 3*k - 2 - 4. Let a(h) = -h + 10*h**2 - 5*h**2 + 9 - 2*h**2 - 4*h**k. Determine a(0).
9
Let o be 40/18 - (-4)/(-18). Suppose 0 = -v - v - 4. Let r(i) = -4*i - 3. Let m(u) = -13*u - 10. Let h(c) = v*m(c) + 7*r(c). Calculate h(o).
-5
Suppose 0 = 3*r - 15, 5*r = 4*a + 3*r - 34. Suppose 2*p = 4*g + 3 + a, 4*g + 2 = -2*p. Let f(i) = 2*i**3 + 2*i**2 - 2*i - 1. What is f(g)?
-5
Let f(p) = p**2 - p - 1. Let g(r) = -6*r**2 + 4*r - 1. Let b(h) = -5*f(h) - g(h). What is b(0)?
6
Suppose i + 3*u = 3*i, 3*u = -4*i. Suppose 3*m - 4 = -4*d, 3*m + 3*d - 4 - 2 = i. Let r(f) = f**2 - 4*f - 3. Give r(m).
-3
Let j(g) = g**3 - g**2 - 5*g + 3. Let f(y) = y - 1 + 0*y + 0*y**2 + y**2. Let v be f(1). Let i be v - (3 - (5 + 0)). Give j(i).
6
Let l(n) = -n**2 + 7*n - 4. Let k be l(4). Let z = k - 10. Let c(t) be the first derivative of t**3/3 + 3*t**2/2 + 2*t - 1. What is c(z)?
0
Let t(r) be the third derivative of -1/6*r**3 + 1/12*r**4 + 0*r + 0 + r**2. Suppose -4*f + 7 = g, 5*f - 10 = -5*g + 10. Give t(g).
5
Let a = -3 - -3. Let z(l) = -l**2 + l - 4. What is z(a)?
-4
Let f(n) = 4*n**2 - 11*n - 4. Let d(i) = i**2 - i. Let r(k) = 5*d(k) - f(k). Suppose -16*h = 124 - 28. What is r(h)?
4
Let n(m) = 4*m - 3*m - 2*m + 9 - 1. What is n(9)?
-1
Let n(m) be the third derivative of -m**5/60 - m**4/12 - 28*m**2. Calculate n(-2).
0
Let r(h) = h**3 - h**2 + h - 4. Let d be r(0). Let o = d + 8. Let c(g) = g - 1. Let w(y) = -y**2 + y. Let i(v) = 5*c(v) + w(v). Determine i(o).
3
Suppose -3*v - 2 = 5*p - 7, 0 = -p + 5*v - 27. Let x(q) = -2*q. Determine x(p).
4
Let p(v) = 3*v + 3. Let x be 23/4 - (-3)/12. Let w = 14 - 9. Suppose w*k - 15 = y + 4*y, 2*y + x = -5*k. Determine p(y).
-6
Suppose 4*g + 12 = 2*j, 5*g - 6 = -3*j + 12. Let r(x) = 9*x + 3*x + 4*x - j*x. Determine r(1).
10
Let d(p) = -5*p**3 - p**2 + p + 1. Let m(r) = -5*r + 3. Let v(i) = -i. Let x(z) = -m(z) + 6*v(z). Let q be x(-2). Calculate d(q).
4
Let u(x) be the third derivative of x**6/30 + x**4/24 + 3*x**2. Determine u(1).
5
Let x be (-2 + 2)*1/2. Let n(m) = -1 + 81*m - m**3 - m**2 - 82*m + m**2. Give n(x).
-1
Suppose -4*i - v + 42 = -3*v, -2*i - v = -19. Suppose 0*u = -5*u + i. Let d(o) = -2*o**3 + 2*o**2 + o + 1. Give d(u).
-5
Let i(p) = 5*p**2 - p - 7. Let o(n) = 11*n**2 - n - 14. Suppose 5*y - 9 - 36 = 0. Let x(j) = y*i(j) - 4*o(j). Suppose -2*m + 1 = -9. Give x(m).
-7
Suppose -3*j - 6 = -j - 2*c, -3*j - 3 = 3*c. Let g(x) = x. Let r(o) = o + 2. Let s(u) = j*g(u) + r(u). Give s(3).
-1
Let y(q) = q + 4. Let v(d) = -2*d**2 - 2 + 3*d**2 + 42*d - 39*d. Let j be v(-3). Determine y(j).
2
Let h(f) = f - 1. Let l(p) = -p + 3. Let g(o) = 3*h(o) + l(o). Give g(3).
6
Let l(a) = 2*a**2 - a. Let g = 20 + -22. Calculate l(g).
10
Let a(f) = 4 - f - 5 - 6*f**3 + 5*f**3. Calculate a(-2).
9
Let n(u) be the third derivative of 0 - 1/120*u**6 + 0*u - 1/2*u**3 + 1/8*u**4 + 7*u**2 + 1/30*u**5. What is n(2)?
3
Let h(v) be the second derivative of v**5/20 + v**4/6 - v**3/2 - 5*v**2/2 - 35*v. Give h(-4).
-25
Let m(o) = 5*o**3 + 5*o - 1. Let f(s) = -11*s**3 - 11*s + 1. Let a(r) = 4*f(r) + 9*m(r). Let q(b) = -b - 10. Let y be q(-10). Give a(y).
-5
Let f(x) = 6*x**2 - 1. Let w(j) = -7*j**2 + 1. Let k(l) = 4*f(l) + 3*w(l). Calculate k(1).
2
Suppose 22 = -7*j - 6. Let d(y) = y**3 + 5*y**2 + 2. Let b be d(-5). Let u(o) = 2 + o + 0*o - b*o. Give u(j).
6
Let w(m) = m - 3. Let o be w(2). Let b(g) = -2*g + 1. Calculate b(o).
3
Let y(v) = 2*v**3 - 3*v**2 + v - 2. Suppose 3*f + 0*n = 3*n + 48, 4*n - 8 = -2*f. Let t = f + -7. Suppose -3*x = m - 6 - 2, -5*x = -t*m. Determine y(m).
4
Let n be 1 + 2/(3/((-36)/(-8))). Let j(i) = 5*i - 1. Give j(n).
19
Let w(b) = -b + 5. Suppose 5 = -5*c + 15. Let p be 1/c*(-1 - -9). Suppose -n + 1 = -p. Give w(n).
0
Suppose -70 = 19*w - 5*w. Let c(z) be the second derivative of -z**4/12 - z**3/2 + z**2/2 + 2*z. What is c(w)?
-9
Let j(q) = q**2 + 1. Let k(c) = -c. Let z(m) = j(m) - 4*k(m). What is z(-4)?
1
Let q(z) = 2*z**2 + 23*z - 2. Let g(r) = 5*r**2 - 11*r + 1. Let k(y) = -y**2. Let o(p) = g(p) + 6*k(p). Let j(u) = 13*o(u) + 6*q(u). What is j(-4)?
5
Let f(o) = -o - 3. Let g be ((-9)/(-6))/((-1)/(-2)). Suppose y = g*y - 10. Suppose -3*s - 25 = -4*i + 8*i, y*s + 3*i = -27. Give f(s).
0
Let x(k) be the third derivative of -k**4/12 - k**3/6 - 3*k**2. Determine x(-3).
5
Let l = -19 + 27. Let h(y) = 15*y**2 - 1 - 6*y**2 - l*y**2 - 3*y**3. Calculate h(-1).
3
Let u(v) be the third derivative of 17*v**4/24 + v**3/6 - 15*v**2 - v. Determine u(-1).
-16
Let v be (6/6)/((-2)/(-16)). Let i = v - 4. Let y(s) = s**3 - 4*s**2 - s. Give y(i).
-4
Suppose -2*z + 1 = -3. Let j(i) be the first derivative of i**4/2 - 3*i**2/2 + 2*i - 6. Give j(z).
12
Let f(n) be the second derivative of -n**4/12 - 7*n**2/2 - 2*n. Suppose -3*p + 6*p - 5 = h, 2*p - 5*h - 25 = 0. Calculate f(p).
-7
Let f = -26 - -27. Let c(n) = 3*n**3 - n**2 + n. Give c(f).
3
Suppose -2*f - 3*c = 26, -5*f + 2*f - 1 = -5*c. Let y(u) = 7*u**2 + 12*u + 6. Let v(d) = 13*d**2 + 23*d + 11. Let w(k) = 6*v(k) - 11*y(k). Determine w(f).
7
Let p(n) = -3*n - 16. Let d(l) = l + 5. Let y be 65/(-9) - (-10)/45. Let g(j) = y*d(j) - 2*p(j). What is g(-3)?
0
Let k(t) = 2*t**2 - 33*t + 4*t**3 + 29*t - 3*t**3. Determine k(-3).
3
Let f(k) = 2*k - 4. Let x(b) = 1. Let u(i) = -f(i) + 5*x(i). Give u(6).
-3
Let w(y) = 6*y**3 - 11*y**2 + 5*y + 8. Let i(h) = 5*h**3 - 10*h**2 + 4*h + 8. Let k(c) = 5*i(c) - 4*w(c). Give k(6).
8
Let m(l) = 2*l**2 + 2*l**2 + 4*l - 3 - l**2 - 4*l**2. What is m(4)?
-3
Let r(x) = x**2 + 5*x + 1. Suppose -2 = -5*z + 18. Suppose 0 = -t - z - 1. Calculate r(t).
1
Let j = 26 + -23. Let z(c) = j*c - 4 - 3*c - c - 2. Calculate z(0).
-6
Let c(q) = -4*q**3 + q - 1. Let b be ((-28)/49)/(4/(-14)). Suppose 0 = 8*o - 3*o. Suppose -w = o, b = 2*d + w + w. Give c(d).
-4
Let u(m) be the first derivative of -m**3/3 + 2*m**2 + 2. Calculate u(3).
3
Let k(u) = -u**2 - u + 1. Let r be (-62)/(-6) - (-6)/(-18). Suppose 0 = -2*d + 7*d - r. Calculate k(d).
-5
Let b(o) = -2*o + 11*o - 2*o - 4*o. Give b(2).
6
Let f(x) be the third derivative of x**4/12 - x**3/3 + 16*x**2. Determine f(-2).
-6
Let a(j) be the second derivative of -j**4/12 - 7*j**3/6 - 2*j**2 + 6*j. Determine a(-6).
2
Suppose -2*s + 7 = -1. Let q(n) = 4*n**2 - 1 - s*n**2 + n**2. Let k be q(0). Let b(j) = 8*j + 1. What is b(k)?
-7
Let a(g) be the first derivative of 0*g + 2*g + g**2 - 2 - 2*g**2. Let d(i) = -i**2 + 3*i + 4. Let n be d(3). Give a(n).
-6
Suppose 4*a - 17 = -3*g, 0 = 2*g - a - 0 - 4. Let m be 1 - (3/g)/1. Let r(h) = h**2 - h - 5. Calculate r(m).
-5
Let x(q) be the second derivative of -q**3/2 - 2*q. Let v(a) = 2*a + 34. Let u be v(-15). What is x(u)?
-12
Suppose 0 = 6*x + x. Let h = 7 - x. Let n(s) = -s**3 + 7*s**2 - 6. Give n(h).
-6
Let z(s) = -s + 4. Let j(h) = -h**2 - 4*h + 6. Let f(l) = -l**2 + 1. Let w be f(0). Let k(i) = -1. Let m(g) = w*j(g) + 6*k(g). Let t be m(-2). What is z(t)?
0
Suppose d + 4*q = -3 - 2, -4*q = -3*d + 17. Let k = -5 - -7. Let o(v) = 0*v**3 + v**3 + d*v + 2 + v**k - v. Determine o(-2).
-6
Let t(p) = p**3 - 4*p**2 - 2*p - 4. Let c be t(4). Let v = 7 + c. Let y(b) be the first derivative of -b**3/3 - 2*b**2 - 4*b - 1. Determine y(v).
-9
Let y be (40/15)/(2/6). Suppose 12 = -4*z - y. Let i(u) = -3*u - 11. Let n(p) = 3*p + 12. Let r(q) = 6*i(q) + 5*n(q). Determine r(z).
